{"id":100,"date":"2016-03-28T22:00:51","date_gmt":"2016-03-28T20:00:51","guid":{"rendered":"https:\/\/selvfiks.net\/butikk\/?post_type=product&#038;p=100"},"modified":"2023-10-25T19:35:58","modified_gmt":"2023-10-25T17:35:58","slug":"eggehvite-deler","status":"publish","type":"product","link":"https:\/\/selvfiks.net\/butikk\/produkt\/eggehvite-deler\/","title":{"rendered":"Eggehvite deler"},"content":{"rendered":"<p><strong>RASKT FRAKT: DETTE PRODUKTET KAN BLI LEVERT INNEN 2- 5 VIRKEDAGER!<\/strong><\/p>\n<p>&nbsp;<\/p>\n","protected":false},"excerpt":{"rendered":"<p>En enkel eggehvite deler du kan bruke n\u00e5r du \u00f8nsker \u00e5 separere eggeplommen fra eggehviten. Bolle p\u00e5 bildet f\u00f8lger ikke med er kun for illustrasjon.<\/p>\n","protected":false},"featured_media":102,"comment_status":"closed","ping_status":"closed","template":"","meta":{"_monsterinsights_skip_tracking":false,"_monsterinsights_sitenote_active":false,"_monsterinsights_sitenote_note":"","_monsterinsights_sitenote_category":0,"iawp_total_views":113},"product_brand":[],"product_cat":[28],"product_tag":[83,82,19,81,72,73,74,78,67,20,21,75,79,80,76,71,14,77,70,84],"class_list":{"0":"post-100","1":"product","2":"type-product","3":"status-publish","4":"has-post-thumbnail","6":"product_cat-hjem-og-interior","7":"product_tag-bakeutstyr","8":"product_tag-bakst","9":"product_tag-billig","10":"product_tag-billig-frakt","11":"product_tag-egg","12":"product_tag-egge","13":"product_tag-eggehvite","14":"product_tag-eggeplomme","15":"product_tag-frakt","16":"product_tag-fri-frakt","17":"product_tag-gratis-frakt","18":"product_tag-hvite","19":"product_tag-kjokken","20":"product_tag-mat","21":"product_tag-plomme","22":"product_tag-salg","23":"product_tag-selvfiks-store","24":"product_tag-separere","25":"product_tag-tilbud","26":"product_tag-utstyr","28":"first","29":"outofstock","30":"taxable","31":"shipping-taxable","32":"purchasable","33":"product-type-simple"},"_links":{"self":[{"href":"https:\/\/selvfiks.net\/butikk\/wp-json\/wp\/v2\/product\/100","targetHints":{"allow":["GET"]}}],"collection":[{"href":"https:\/\/selvfiks.net\/butikk\/wp-json\/wp\/v2\/product"}],"about":[{"href":"https:\/\/selvfiks.net\/butikk\/wp-json\/wp\/v2\/types\/product"}],"replies":[{"embeddable":true,"href":"https:\/\/selvfiks.net\/butikk\/wp-json\/wp\/v2\/comments?post=100"}],"wp:featuredmedia":[{"embeddable":true,"href":"https:\/\/selvfiks.net\/butikk\/wp-json\/wp\/v2\/media\/102"}],"wp:attachment":[{"href":"https:\/\/selvfiks.net\/butikk\/wp-json\/wp\/v2\/media?parent=100"}],"wp:term":[{"taxonomy":"product_brand","embeddable":true,"href":"https:\/\/selvfiks.net\/butikk\/wp-json\/wp\/v2\/product_brand?post=100"},{"taxonomy":"product_cat","embeddable":true,"href":"https:\/\/selvfiks.net\/butikk\/wp-json\/wp\/v2\/product_cat?post=100"},{"taxonomy":"product_tag","embeddable":true,"href":"https:\/\/selvfiks.net\/butikk\/wp-json\/wp\/v2\/product_tag?post=100"}],"curies":[{"name":"wp","href":"https:\/\/api.w.org\/{rel}","templated":true}]}}