{"id":103,"date":"2016-03-28T22:05:59","date_gmt":"2016-03-28T20:05:59","guid":{"rendered":"https:\/\/selvfiks.net\/butikk\/?post_type=product&#038;p=103"},"modified":"2019-11-03T13:08:37","modified_gmt":"2019-11-03T12:08:37","slug":"sitrus-spray-gronn","status":"publish","type":"product","link":"https:\/\/selvfiks.net\/butikk\/produkt\/sitrus-spray-gronn\/","title":{"rendered":"Sitrus spray gr\u00f8nn"},"content":{"rendered":"<p>Gr\u00f8nn sitrus spray med et ekstra lokk. Sprayen kan brukes til \u00e5 tilf\u00f8re sitrus saft fra bl.a. sitron, lime og appelsin til maten. Kommer i tre deler: 1 stk platform, 1 stk sitrusspray for stor sitrus (Appelsin\/sitron) og 1 stk sitrusspray for liten sitrus (Lime)<\/p>\n","protected":false},"excerpt":{"rendered":"<p>Gr\u00f8nn sitrus spray med et ekstra lokk. Sprayen kan brukes til \u00e5 tilf\u00f8re sitrus saft fra bl.a. sitron, lime og appelsin til maten. Kommer i tre deler: 1 stk platform, 1 stk sitrusspray for stor sitrus (Appelsin\/sitron) og 1 stk sitrusspray for liten sitrus (Lime)<\/p>\n","protected":false},"featured_media":107,"comment_status":"closed","ping_status":"closed","template":"","meta":{"_monsterinsights_skip_tracking":false,"_monsterinsights_sitenote_active":false,"_monsterinsights_sitenote_note":"","_monsterinsights_sitenote_category":0,"iawp_total_views":0},"product_brand":[],"product_cat":[28],"product_tag":[53,19,95,94,93,97,79,89,96,80,92,71,14,88,54,86,87,91,85,90,70],"class_list":{"0":"post-103","1":"product","2":"type-product","3":"status-publish","4":"has-post-thumbnail","6":"product_cat-hjem-og-interior","7":"product_tag-appelsin","8":"product_tag-billig","9":"product_tag-enkelt","10":"product_tag-ferskt","11":"product_tag-friskt","12":"product_tag-gronn","13":"product_tag-kjokken","14":"product_tag-lime","15":"product_tag-lokk","16":"product_tag-mat","17":"product_tag-salat","18":"product_tag-salg","19":"product_tag-selvfiks-store","20":"product_tag-sitron","21":"product_tag-sitrus","22":"product_tag-sitrus-spray","23":"product_tag-sitrusspray","24":"product_tag-sot","25":"product_tag-spray","26":"product_tag-sur","27":"product_tag-tilbud","29":"first","30":"outofstock","31":"taxable","32":"shipping-taxable","33":"purchasable","34":"product-type-simple"},"_links":{"self":[{"href":"https:\/\/selvfiks.net\/butikk\/wp-json\/wp\/v2\/product\/103","targetHints":{"allow":["GET"]}}],"collection":[{"href":"https:\/\/selvfiks.net\/butikk\/wp-json\/wp\/v2\/product"}],"about":[{"href":"https:\/\/selvfiks.net\/butikk\/wp-json\/wp\/v2\/types\/product"}],"replies":[{"embeddable":true,"href":"https:\/\/selvfiks.net\/butikk\/wp-json\/wp\/v2\/comments?post=103"}],"wp:featuredmedia":[{"embeddable":true,"href":"https:\/\/selvfiks.net\/butikk\/wp-json\/wp\/v2\/media\/107"}],"wp:attachment":[{"href":"https:\/\/selvfiks.net\/butikk\/wp-json\/wp\/v2\/media?parent=103"}],"wp:term":[{"taxonomy":"product_brand","embeddable":true,"href":"https:\/\/selvfiks.net\/butikk\/wp-json\/wp\/v2\/product_brand?post=103"},{"taxonomy":"product_cat","embeddable":true,"href":"https:\/\/selvfiks.net\/butikk\/wp-json\/wp\/v2\/product_cat?post=103"},{"taxonomy":"product_tag","embeddable":true,"href":"https:\/\/selvfiks.net\/butikk\/wp-json\/wp\/v2\/product_tag?post=103"}],"curies":[{"name":"wp","href":"https:\/\/api.w.org\/{rel}","templated":true}]}}