{"id":112,"date":"2016-03-28T22:16:52","date_gmt":"2016-03-28T20:16:52","guid":{"rendered":"https:\/\/selvfiks.net\/butikk\/?post_type=product&#038;p=112"},"modified":"2019-11-03T13:08:36","modified_gmt":"2019-11-03T12:08:36","slug":"universal-glassapner","status":"publish","type":"product","link":"https:\/\/selvfiks.net\/butikk\/produkt\/universal-glassapner\/","title":{"rendered":"Universal glass\u00e5pner"},"content":{"rendered":"<p>N\u00e5 er det slutt p\u00e5 bruke enorme mengde med energi og h\u00e5ndkle for \u00e5 f\u00e5 \u00e5pnet syltet\u00f8yglasset eller annet glass med lokk p\u00e5. Med denne universale glass\u00e5pneren, trenger du kun \u00e5 sette b\u00e5ndet rundt lokket, stramme til og skru. S\u00e5 er glasset \u00e5pent. Leveres i tilfeldige farger.<\/p>\n","protected":false},"excerpt":{"rendered":"<p>N\u00e5 er det slutt p\u00e5 bruke enorme mengde med energi og h\u00e5ndkle for \u00e5 f\u00e5 \u00e5pnet syltet\u00f8yglasset eller annet glass med lokk p\u00e5. Med denne universale glass\u00e5pneren, trenger du kun \u00e5 sette b\u00e5ndet rundt lokket, stramme til og skru. S\u00e5 er glasset \u00e5pent. Leveres i tilfeldige farger.<\/p>\n","protected":false},"featured_media":113,"comment_status":"closed","ping_status":"closed","template":"","meta":{"_monsterinsights_skip_tracking":false,"_monsterinsights_sitenote_active":false,"_monsterinsights_sitenote_note":"","_monsterinsights_sitenote_category":0,"iawp_total_views":0},"product_brand":[],"product_cat":[28],"product_tag":[124,119,109,19,107,108,117,118,114,67,122,66,115,22,79,96,113,80,71,14,110,123,120,121,70,116,112,111,59],"class_list":{"0":"post-112","1":"product","2":"type-product","3":"status-publish","4":"has-post-thumbnail","6":"product_cat-hjem-og-interior","7":"product_tag-agurk","8":"product_tag-apen","9":"product_tag-apner","10":"product_tag-billig","11":"product_tag-boks","12":"product_tag-bokseapner","13":"product_tag-bokseapneren","14":"product_tag-boksen","15":"product_tag-energi","16":"product_tag-frakt","17":"product_tag-glass","18":"product_tag-gratis","19":"product_tag-handkle","20":"product_tag-hjelp","21":"product_tag-kjokken","22":"product_tag-lokk","23":"product_tag-lokket","24":"product_tag-mat","25":"product_tag-salg","26":"product_tag-selvfiks-store","27":"product_tag-silikon","28":"product_tag-sylta","29":"product_tag-syltetoy","30":"product_tag-syltetoyglass","31":"product_tag-tilbud","32":"product_tag-tips","33":"product_tag-triks","34":"product_tag-universal","35":"product_tag-vanskelig","37":"first","38":"outofstock","39":"taxable","40":"shipping-taxable","41":"purchasable","42":"product-type-simple"},"_links":{"self":[{"href":"https:\/\/selvfiks.net\/butikk\/wp-json\/wp\/v2\/product\/112","targetHints":{"allow":["GET"]}}],"collection":[{"href":"https:\/\/selvfiks.net\/butikk\/wp-json\/wp\/v2\/product"}],"about":[{"href":"https:\/\/selvfiks.net\/butikk\/wp-json\/wp\/v2\/types\/product"}],"replies":[{"embeddable":true,"href":"https:\/\/selvfiks.net\/butikk\/wp-json\/wp\/v2\/comments?post=112"}],"wp:featuredmedia":[{"embeddable":true,"href":"https:\/\/selvfiks.net\/butikk\/wp-json\/wp\/v2\/media\/113"}],"wp:attachment":[{"href":"https:\/\/selvfiks.net\/butikk\/wp-json\/wp\/v2\/media?parent=112"}],"wp:term":[{"taxonomy":"product_brand","embeddable":true,"href":"https:\/\/selvfiks.net\/butikk\/wp-json\/wp\/v2\/product_brand?post=112"},{"taxonomy":"product_cat","embeddable":true,"href":"https:\/\/selvfiks.net\/butikk\/wp-json\/wp\/v2\/product_cat?post=112"},{"taxonomy":"product_tag","embeddable":true,"href":"https:\/\/selvfiks.net\/butikk\/wp-json\/wp\/v2\/product_tag?post=112"}],"curies":[{"name":"wp","href":"https:\/\/api.w.org\/{rel}","templated":true}]}}