{"id":1193,"date":"2018-10-12T22:01:20","date_gmt":"2018-10-12T20:01:20","guid":{"rendered":"https:\/\/selvfiks.net\/butikk\/?post_type=product&#038;p=1193"},"modified":"2025-11-10T15:06:22","modified_gmt":"2025-11-10T14:06:22","slug":"vannkuler","status":"publish","type":"product","link":"https:\/\/selvfiks.net\/butikk\/produkt\/vannkuler\/","title":{"rendered":"Vannkuler"},"content":{"rendered":"<h4><strong>Slik fungerer vannkuler:<\/strong><\/h4>\n<p>Vannkulene legges i vann og over tid vil de svulme opp og bli til st\u00f8rre gele aktige kuler.<\/p>\n<p>Kulene kan s\u00e5 tas ut av vannet og puttes i potte eller glass.<\/p>\n<p>Det kan ta 30 min til 1 time f\u00f8r kulene har n\u00e5dd full st\u00f8rrelse.<\/p>\n<p>De st\u00f8rste kulene kan ta opp til 24 timer f\u00f8r de har oppn\u00e5dd full st\u00f8rrelse.<\/p>\n<p>De st\u00f8rste kulene t\u00e5ler mindre enn de sm\u00e5. Dette har noe med at de tar til seg mer vann.<\/p>\n<p>Kulene skal IKKE SPISES!<\/p>\n","protected":false},"excerpt":{"rendered":"<p>Vannkuler er sm\u00e5 kuler som tiltrekker seg vann og lagrer det. N\u00e5r de gj\u00f8r det,\u00a0 s\u00e5 oppsvulmer de og blir gele-aktige.<\/p>\n<p>Vannkulene kan brukes i potter, pynte ens hjem eller lekes med.<\/p>\n<p>Men skal IKKE spises!<\/p>\n","protected":false},"featured_media":1238,"comment_status":"closed","ping_status":"closed","template":"","meta":{"_monsterinsights_skip_tracking":false,"_monsterinsights_sitenote_active":false,"_monsterinsights_sitenote_note":"","_monsterinsights_sitenote_category":0,"iawp_total_views":140},"product_brand":[],"product_cat":[28],"product_tag":[701,699,122,551,695,697,700,698,258,694,696,702],"class_list":{"0":"post-1193","1":"product","2":"type-product","3":"status-publish","4":"has-post-thumbnail","6":"product_cat-hjem-og-interior","7":"product_tag-balls","8":"product_tag-gele","9":"product_tag-glass","10":"product_tag-interior","11":"product_tag-kule","12":"product_tag-kuler","13":"product_tag-magic","14":"product_tag-potte","15":"product_tag-vann","16":"product_tag-vannkule","17":"product_tag-vannkuler","18":"product_tag-vinglass","19":"pa_farge-bla","20":"pa_farge-gjennomsiktig","21":"pa_farge-gronn","22":"pa_farge-gul","23":"pa_farge-lilla","24":"pa_farge-miksede-farger","25":"pa_farge-rod","27":"first","28":"instock","29":"taxable","30":"shipping-taxable","31":"purchasable","32":"product-type-variable"},"_links":{"self":[{"href":"https:\/\/selvfiks.net\/butikk\/wp-json\/wp\/v2\/product\/1193","targetHints":{"allow":["GET"]}}],"collection":[{"href":"https:\/\/selvfiks.net\/butikk\/wp-json\/wp\/v2\/product"}],"about":[{"href":"https:\/\/selvfiks.net\/butikk\/wp-json\/wp\/v2\/types\/product"}],"replies":[{"embeddable":true,"href":"https:\/\/selvfiks.net\/butikk\/wp-json\/wp\/v2\/comments?post=1193"}],"wp:featuredmedia":[{"embeddable":true,"href":"https:\/\/selvfiks.net\/butikk\/wp-json\/wp\/v2\/media\/1238"}],"wp:attachment":[{"href":"https:\/\/selvfiks.net\/butikk\/wp-json\/wp\/v2\/media?parent=1193"}],"wp:term":[{"taxonomy":"product_brand","embeddable":true,"href":"https:\/\/selvfiks.net\/butikk\/wp-json\/wp\/v2\/product_brand?post=1193"},{"taxonomy":"product_cat","embeddable":true,"href":"https:\/\/selvfiks.net\/butikk\/wp-json\/wp\/v2\/product_cat?post=1193"},{"taxonomy":"product_tag","embeddable":true,"href":"https:\/\/selvfiks.net\/butikk\/wp-json\/wp\/v2\/product_tag?post=1193"}],"curies":[{"name":"wp","href":"https:\/\/api.w.org\/{rel}","templated":true}]}}