{"id":422,"date":"2017-11-12T13:01:26","date_gmt":"2017-11-12T12:01:26","guid":{"rendered":"https:\/\/selvfiks.net\/butikk\/?post_type=product&#038;p=422"},"modified":"2019-11-03T13:04:56","modified_gmt":"2019-11-03T12:04:56","slug":"3d-mursteins-tapet","status":"publish","type":"product","link":"https:\/\/selvfiks.net\/butikk\/produkt\/3d-mursteins-tapet\/","title":{"rendered":"3D mursteins tapet"},"content":{"rendered":"<p><strong>Bruksanvisning:<\/strong><\/p>\n<ol>\n<li>Rengj\u00f8r \u00f8nsket vegg.<\/li>\n<li>Ta av folien bak p\u00e5 tapeten og klistre den p\u00e5 \u00f8nsket vegg.<\/li>\n<li>Press godt over hele tapeten for \u00e5 s\u00f8rge for at alt limet fester seg til veggen.<\/li>\n<li>Bruk saks eller tapetkniv for \u00e5 tilpasse tapeten p\u00e5 vanskelige steder.<\/li>\n<\/ol>\n<p>OBS! H\u00f8y varme i veggen eller uren vegg kan f\u00f8re til at limet ikke setter seg ordentlig, da m\u00e5 man vurdere \u00e5 tilf\u00f8re ekstra lim.<\/p>\n<p>Det samme gjelder hvis man klipper tapeten i alt for sm\u00e5 biter eller limer tapeten p\u00e5 altfor ujevn flate.<\/p>\n<p>&nbsp;<\/p>\n","protected":false},"excerpt":{"rendered":"<p>Gi kontrast og dybde til den flate veggen med denne 3D mursteins tapeten. Den kommer med lim allerede p\u00e5smurt, s\u00e5 det eneste du trenger \u00e5 gj\u00f8re er \u00e5 klistre den p\u00e5 veggen.<\/p>\n<p>I og med at den er laget av skum er den lett \u00e5 skj\u00e6re i og tilpasse de vanskelige plassene p\u00e5 veggen.<\/p>\n<p>Samtidig fungerer den st\u00f8yreduserende og er barnevennlig, fremfor de harde virkelige mursteinene.<\/p>\n<p>Tapeten t\u00e5ler vann, noe som gj\u00f8r den mulig \u00e5 vaske uten at den tar skade.<\/p>\n<p>Tapeten kommer i st\u00f8rrelsen 30 cm x 60 cm. Dette gj\u00f8r det lettere \u00e5 tilpasse tapeten.<\/p>\n<p>&nbsp;<\/p>\n","protected":false},"featured_media":423,"comment_status":"open","ping_status":"closed","template":"","meta":{"_monsterinsights_skip_tracking":false,"_monsterinsights_sitenote_active":false,"_monsterinsights_sitenote_note":"","_monsterinsights_sitenote_category":0,"iawp_total_views":2},"product_brand":[],"product_cat":[28],"product_tag":[431,435,434,417,19,444,443,21,331,98,432,438,439,440,442,64,14,436,437,433,428,441],"class_list":{"0":"post-422","1":"product","2":"type-product","3":"status-publish","4":"has-post-thumbnail","6":"product_cat-hjem-og-interior","7":"product_tag-3d","8":"product_tag-3dmurstein","9":"product_tag-3dmurstien","10":"product_tag-beskytter","11":"product_tag-billig","12":"product_tag-diy","13":"product_tag-gjor-det-selv","14":"product_tag-gratis-frakt","15":"product_tag-hus","16":"product_tag-hvit","17":"product_tag-murstein","18":"product_tag-mursteinstapet","19":"product_tag-mursten","20":"product_tag-musteintapet","21":"product_tag-oppussing","22":"product_tag-selvfiks","23":"product_tag-selvfiks-store","24":"product_tag-skum","25":"product_tag-skumm","26":"product_tag-tapet","27":"product_tag-vegg","28":"product_tag-veggklister","30":"first","31":"outofstock","32":"taxable","33":"shipping-taxable","34":"purchasable","35":"product-type-simple"},"_links":{"self":[{"href":"https:\/\/selvfiks.net\/butikk\/wp-json\/wp\/v2\/product\/422","targetHints":{"allow":["GET"]}}],"collection":[{"href":"https:\/\/selvfiks.net\/butikk\/wp-json\/wp\/v2\/product"}],"about":[{"href":"https:\/\/selvfiks.net\/butikk\/wp-json\/wp\/v2\/types\/product"}],"replies":[{"embeddable":true,"href":"https:\/\/selvfiks.net\/butikk\/wp-json\/wp\/v2\/comments?post=422"}],"wp:featuredmedia":[{"embeddable":true,"href":"https:\/\/selvfiks.net\/butikk\/wp-json\/wp\/v2\/media\/423"}],"wp:attachment":[{"href":"https:\/\/selvfiks.net\/butikk\/wp-json\/wp\/v2\/media?parent=422"}],"wp:term":[{"taxonomy":"product_brand","embeddable":true,"href":"https:\/\/selvfiks.net\/butikk\/wp-json\/wp\/v2\/product_brand?post=422"},{"taxonomy":"product_cat","embeddable":true,"href":"https:\/\/selvfiks.net\/butikk\/wp-json\/wp\/v2\/product_cat?post=422"},{"taxonomy":"product_tag","embeddable":true,"href":"https:\/\/selvfiks.net\/butikk\/wp-json\/wp\/v2\/product_tag?post=422"}],"curies":[{"name":"wp","href":"https:\/\/api.w.org\/{rel}","templated":true}]}}