{"id":471,"date":"2018-01-03T20:44:08","date_gmt":"2018-01-03T19:44:08","guid":{"rendered":"https:\/\/selvfiks.net\/butikk\/?post_type=product&#038;p=471"},"modified":"2024-09-15T10:11:11","modified_gmt":"2024-09-15T08:11:11","slug":"bitcoin-mynt","status":"publish","type":"product","link":"https:\/\/selvfiks.net\/butikk\/produkt\/bitcoin-mynt\/","title":{"rendered":"Bitcoin Mynt"},"content":{"rendered":"<p>Bitcoin Mynten kommer i b\u00e5de s\u00f8lv og gull farge.<\/p>\n<p>Det er bare \u00e5 velge den fargen man liker best eller hvorfor velge n\u00e5r du kan f\u00e5 begge deler?<\/p>\n","protected":false},"excerpt":{"rendered":"<p>Bitcoin er en digital valuta og som ikke eksisterer i noe fysisk form. Men oftest blir den illustrert i media i form av en mynt. Og det er denne mynten du n\u00e5 kan skaffe deg. Prisen og verdien tilsvarer ikke hva en Bitcoin faktisk er verdt.<\/p>\n<p>Dette er en morsom gave til en Bitcoin entusiast.<\/p>\n","protected":false},"featured_media":472,"comment_status":"open","ping_status":"closed","template":"","meta":{"_monsterinsights_skip_tracking":false,"_monsterinsights_sitenote_active":false,"_monsterinsights_sitenote_note":"","_monsterinsights_sitenote_category":0,"iawp_total_views":3},"product_brand":[],"product_cat":[29],"product_tag":[445,447,237,448,449,450,238,453,451,446,71,64,235,452],"class_list":{"0":"post-471","1":"product","2":"type-product","3":"status-publish","4":"has-post-thumbnail","6":"product_cat-ting-og-tang","7":"product_tag-bitcoin","8":"product_tag-bitcoinmynt","9":"product_tag-frifrakt","10":"product_tag-fysisk","11":"product_tag-fysiskbitcoin","12":"product_tag-fysiskmynt","13":"product_tag-gratisfrakt","14":"product_tag-illustrasjon","15":"product_tag-kjop","16":"product_tag-mynt","17":"product_tag-salg","18":"product_tag-selvfiks","19":"product_tag-selvfiksstore","20":"product_tag-verdi","21":"pa_farge-gull","22":"pa_farge-solv","24":"first","25":"instock","26":"sale","27":"taxable","28":"shipping-taxable","29":"purchasable","30":"product-type-variable"},"_links":{"self":[{"href":"https:\/\/selvfiks.net\/butikk\/wp-json\/wp\/v2\/product\/471","targetHints":{"allow":["GET"]}}],"collection":[{"href":"https:\/\/selvfiks.net\/butikk\/wp-json\/wp\/v2\/product"}],"about":[{"href":"https:\/\/selvfiks.net\/butikk\/wp-json\/wp\/v2\/types\/product"}],"replies":[{"embeddable":true,"href":"https:\/\/selvfiks.net\/butikk\/wp-json\/wp\/v2\/comments?post=471"}],"wp:featuredmedia":[{"embeddable":true,"href":"https:\/\/selvfiks.net\/butikk\/wp-json\/wp\/v2\/media\/472"}],"wp:attachment":[{"href":"https:\/\/selvfiks.net\/butikk\/wp-json\/wp\/v2\/media?parent=471"}],"wp:term":[{"taxonomy":"product_brand","embeddable":true,"href":"https:\/\/selvfiks.net\/butikk\/wp-json\/wp\/v2\/product_brand?post=471"},{"taxonomy":"product_cat","embeddable":true,"href":"https:\/\/selvfiks.net\/butikk\/wp-json\/wp\/v2\/product_cat?post=471"},{"taxonomy":"product_tag","embeddable":true,"href":"https:\/\/selvfiks.net\/butikk\/wp-json\/wp\/v2\/product_tag?post=471"}],"curies":[{"name":"wp","href":"https:\/\/api.w.org\/{rel}","templated":true}]}}