{"id":486,"date":"2018-01-03T21:51:53","date_gmt":"2018-01-03T20:51:53","guid":{"rendered":"https:\/\/selvfiks.net\/butikk\/?post_type=product&#038;p=486"},"modified":"2019-11-03T13:04:52","modified_gmt":"2019-11-03T12:04:52","slug":"usb-c-kabel","status":"publish","type":"product","link":"https:\/\/selvfiks.net\/butikk\/produkt\/usb-c-kabel\/","title":{"rendered":"USB C kabel"},"content":{"rendered":"","protected":false},"excerpt":{"rendered":"<p>Det begynte med USB, s\u00e5 kom mini USB, micro USB og n\u00e5 er USB C kommet. Den beste USB&#8217;en som trolig er laget. Flere og flere enheter kommer n\u00e5 med st\u00f8tte for denne type kabel og bl.a. dem som st\u00f8tter dette er f\u00f8lgende: Samsung Galaxy S8, Huawei P9, P10, P10 Plus, Mate 9, Mate 9 Pro, LG G5 og G6, HTC 10, HTC One M10, Microsoft Lumia 950 og 950 XL, Sony Xperia XZ, m.m.<\/p>\n<p>Kabelen kan kj\u00f8pes i ulike farger og lengde, alt etter det behovet du har.<br \/>\nLengde som er tilgjengelig er 0,25 meter, 0,5 meter, 1 meter, 1,5 meter, 2 meter og 3 meter.<\/p>\n","protected":false},"featured_media":505,"comment_status":"open","ping_status":"closed","template":"","meta":{"_monsterinsights_skip_tracking":false,"_monsterinsights_sitenote_active":false,"_monsterinsights_sitenote_note":"","_monsterinsights_sitenote_category":0,"iawp_total_views":0},"product_brand":[],"product_cat":[39],"product_tag":[498,497,499,495,500,496,490,485,486,487,488,479,492,494,493,484,482,483,489,480,481,478,491,475,477,476],"class_list":{"0":"post-486","1":"product","2":"type-product","3":"status-publish","4":"has-post-thumbnail","6":"product_cat-mobil-og-nettbrett","7":"product_tag-498","8":"product_tag-1-meter","9":"product_tag-2-meter","10":"product_tag-25-meter","11":"product_tag-3-meter","12":"product_tag-5-meter","13":"product_tag-950-xl","14":"product_tag-g5","15":"product_tag-g6","16":"product_tag-htc-10","17":"product_tag-htc-one-m10","18":"product_tag-huawei-p9","19":"product_tag-kabel","20":"product_tag-kort","21":"product_tag-lang","22":"product_tag-lg","23":"product_tag-mate-9","24":"product_tag-mate-9-pro","25":"product_tag-microsoft-lumia-950","26":"product_tag-p10","27":"product_tag-p10-plus","28":"product_tag-samsung-galaxy-s8","29":"product_tag-sony-xperia-xz","30":"product_tag-usb","31":"product_tag-usb-c","32":"product_tag-usbc","33":"pa_farge-hvit","34":"pa_farge-svart","36":"first","37":"outofstock","38":"taxable","39":"shipping-taxable","40":"purchasable","41":"product-type-variable"},"_links":{"self":[{"href":"https:\/\/selvfiks.net\/butikk\/wp-json\/wp\/v2\/product\/486","targetHints":{"allow":["GET"]}}],"collection":[{"href":"https:\/\/selvfiks.net\/butikk\/wp-json\/wp\/v2\/product"}],"about":[{"href":"https:\/\/selvfiks.net\/butikk\/wp-json\/wp\/v2\/types\/product"}],"replies":[{"embeddable":true,"href":"https:\/\/selvfiks.net\/butikk\/wp-json\/wp\/v2\/comments?post=486"}],"wp:featuredmedia":[{"embeddable":true,"href":"https:\/\/selvfiks.net\/butikk\/wp-json\/wp\/v2\/media\/505"}],"wp:attachment":[{"href":"https:\/\/selvfiks.net\/butikk\/wp-json\/wp\/v2\/media?parent=486"}],"wp:term":[{"taxonomy":"product_brand","embeddable":true,"href":"https:\/\/selvfiks.net\/butikk\/wp-json\/wp\/v2\/product_brand?post=486"},{"taxonomy":"product_cat","embeddable":true,"href":"https:\/\/selvfiks.net\/butikk\/wp-json\/wp\/v2\/product_cat?post=486"},{"taxonomy":"product_tag","embeddable":true,"href":"https:\/\/selvfiks.net\/butikk\/wp-json\/wp\/v2\/product_tag?post=486"}],"curies":[{"name":"wp","href":"https:\/\/api.w.org\/{rel}","templated":true}]}}