{"id":569,"date":"2018-01-09T23:38:11","date_gmt":"2018-01-09T22:38:11","guid":{"rendered":"https:\/\/selvfiks.net\/butikk\/?post_type=product&#038;p=569"},"modified":"2019-11-03T11:25:46","modified_gmt":"2019-11-03T10:25:46","slug":"diamant-dorknotter","status":"publish","type":"product","link":"https:\/\/selvfiks.net\/butikk\/produkt\/diamant-dorknotter\/","title":{"rendered":"Diamant D\u00f8rknotter"},"content":{"rendered":"<h4><strong>Materiale:<\/strong><\/h4>\n<p>D\u00f8rknottene er laget av glass.<\/p>\n","protected":false},"excerpt":{"rendered":"<p>Disse d\u00f8rknottene vil friske opp de gamle skapene og gi dem et luksuri\u00f8st preg. Dette er kanskje den billigste og letteste m\u00e5ten \u00e5 pusse opp sitt hjem p\u00e5.<\/p>\n<p>Knottene kan brukes p\u00e5 alt fra skap, hyller til d\u00f8rer, alt etter hvilken st\u00f8rrelse du velger. De kommer i forskjellige farger ogs\u00e5, slik at du kan velge den fargen du liker, til det rommet du \u00f8nsker \u00e5 pusse opp.<\/p>\n<p><strong>OBS: Vi er dessverre utsolgt. Men dette produktet kommer inn p\u00e5 lager igjen i l\u00f8pet av 2020.<\/strong><\/p>\n","protected":false},"featured_media":626,"comment_status":"open","ping_status":"closed","template":"","meta":{"_monsterinsights_skip_tracking":false,"_monsterinsights_sitenote_active":false,"_monsterinsights_sitenote_note":"","_monsterinsights_sitenote_category":0,"iawp_total_views":5},"product_brand":[],"product_cat":[28],"product_tag":[241,549,543,548,550,122,546,547,98,551,545,544,442,64],"class_list":{"0":"post-569","1":"product","2":"type-product","3":"status-publish","4":"has-post-thumbnail","6":"product_cat-hjem-og-interior","7":"product_tag-bla","8":"product_tag-diamant","9":"product_tag-dor","10":"product_tag-dorknotter","11":"product_tag-gjennomsiktig","12":"product_tag-glass","13":"product_tag-hadntak","14":"product_tag-handtakk","15":"product_tag-hvit","16":"product_tag-interior","17":"product_tag-knott","18":"product_tag-knotter","19":"product_tag-oppussing","20":"product_tag-selvfiks","21":"pa_farge-bla","22":"pa_farge-gjennomsiktig","23":"pa_farge-gronn","24":"pa_farge-gull","25":"pa_farge-lilla","26":"pa_farge-rosa","27":"pa_farge-rod","28":"pa_farge-svart","30":"first","31":"outofstock","32":"taxable","33":"shipping-taxable","34":"purchasable","35":"product-type-variable"},"_links":{"self":[{"href":"https:\/\/selvfiks.net\/butikk\/wp-json\/wp\/v2\/product\/569","targetHints":{"allow":["GET"]}}],"collection":[{"href":"https:\/\/selvfiks.net\/butikk\/wp-json\/wp\/v2\/product"}],"about":[{"href":"https:\/\/selvfiks.net\/butikk\/wp-json\/wp\/v2\/types\/product"}],"replies":[{"embeddable":true,"href":"https:\/\/selvfiks.net\/butikk\/wp-json\/wp\/v2\/comments?post=569"}],"wp:featuredmedia":[{"embeddable":true,"href":"https:\/\/selvfiks.net\/butikk\/wp-json\/wp\/v2\/media\/626"}],"wp:attachment":[{"href":"https:\/\/selvfiks.net\/butikk\/wp-json\/wp\/v2\/media?parent=569"}],"wp:term":[{"taxonomy":"product_brand","embeddable":true,"href":"https:\/\/selvfiks.net\/butikk\/wp-json\/wp\/v2\/product_brand?post=569"},{"taxonomy":"product_cat","embeddable":true,"href":"https:\/\/selvfiks.net\/butikk\/wp-json\/wp\/v2\/product_cat?post=569"},{"taxonomy":"product_tag","embeddable":true,"href":"https:\/\/selvfiks.net\/butikk\/wp-json\/wp\/v2\/product_tag?post=569"}],"curies":[{"name":"wp","href":"https:\/\/api.w.org\/{rel}","templated":true}]}}