{"id":8240,"date":"2022-11-08T21:46:41","date_gmt":"2022-11-08T20:46:41","guid":{"rendered":"https:\/\/selvfiks.net\/butikk\/?post_type=product&#038;p=8240"},"modified":"2026-02-13T00:55:20","modified_gmt":"2026-02-12T23:55:20","slug":"frukt-og-gronnsaks-kniv","status":"publish","type":"product","link":"https:\/\/selvfiks.net\/butikk\/produkt\/frukt-og-gronnsaks-kniv\/","title":{"rendered":"Frukt og gr\u00f8nnsaks kniv"},"content":{"rendered":"<p>Med denne flotte <a href=\"https:\/\/no.wikipedia.org\/wiki\/Fruktkniv\" target=\"_blank\" rel=\"noopener\">frukt og gr\u00f8nnsaks kniven<\/a> har du alt du trenger for \u00e5 unne deg det gode og sunne. Kniven er allsidig og t\u00e5ler b\u00e5de oppvaskmaskin og mye bruk. Her kan du skrelle, hakke og skj\u00e6re det du m\u00e5tte \u00f8nske av gr\u00f8nnsaker og frukt. Med ulike farger p\u00e5 knivene kan du ogs\u00e5 skille dem etter form\u00e5l.<\/p>\n<p>For knivene kan ogs\u00e5 brukes til kj\u00f8tt og kylling, hvis man \u00f8nsker det.<\/p>\n<p>Det kommer 2 stykk kniver i hver pakke.<\/p>\n","protected":false},"excerpt":{"rendered":"<p>Med denne flotte frukt og gr\u00f8nnsaks kniven har du alt du trenger for \u00e5 unne deg det gode og sunne. Kniven er allsidig og t\u00e5ler b\u00e5de oppvaskmaskin og mye bruk. Her kan du skrelle, hakke og skj\u00e6re det du m\u00e5tte \u00f8nske av gr\u00f8nnsaker og frukt. Det kommer to i hver pakke.<\/p>\n","protected":false},"featured_media":8243,"comment_status":"closed","ping_status":"closed","template":"","meta":{"_monsterinsights_skip_tracking":false,"_monsterinsights_sitenote_active":false,"_monsterinsights_sitenote_note":"","_monsterinsights_sitenote_category":0,"iawp_total_views":1},"product_brand":[],"product_cat":[28],"product_tag":[124,621,20,606,620,97,731,607,729,392,619,622,240,673,55,730],"class_list":{"0":"post-8240","1":"product","2":"type-product","3":"status-publish","4":"has-post-thumbnail","6":"product_cat-hjem-og-interior","7":"product_tag-agurk","8":"product_tag-eple","9":"product_tag-fri-frakt","10":"product_tag-frukt","11":"product_tag-fruktkniv","12":"product_tag-gronn","13":"product_tag-gronnsak","14":"product_tag-gronnsaker","15":"product_tag-gronnsakskniv","16":"product_tag-gul","17":"product_tag-kniv","18":"product_tag-paere","19":"product_tag-rod","20":"product_tag-skjaere","21":"product_tag-skrelle","22":"product_tag-skrellekniv","23":"pa_farge-gronn","24":"pa_farge-gul","25":"pa_farge-rod","27":"first","28":"instock","29":"taxable","30":"shipping-taxable","31":"purchasable","32":"product-type-variable"},"_links":{"self":[{"href":"https:\/\/selvfiks.net\/butikk\/wp-json\/wp\/v2\/product\/8240","targetHints":{"allow":["GET"]}}],"collection":[{"href":"https:\/\/selvfiks.net\/butikk\/wp-json\/wp\/v2\/product"}],"about":[{"href":"https:\/\/selvfiks.net\/butikk\/wp-json\/wp\/v2\/types\/product"}],"replies":[{"embeddable":true,"href":"https:\/\/selvfiks.net\/butikk\/wp-json\/wp\/v2\/comments?post=8240"}],"wp:featuredmedia":[{"embeddable":true,"href":"https:\/\/selvfiks.net\/butikk\/wp-json\/wp\/v2\/media\/8243"}],"wp:attachment":[{"href":"https:\/\/selvfiks.net\/butikk\/wp-json\/wp\/v2\/media?parent=8240"}],"wp:term":[{"taxonomy":"product_brand","embeddable":true,"href":"https:\/\/selvfiks.net\/butikk\/wp-json\/wp\/v2\/product_brand?post=8240"},{"taxonomy":"product_cat","embeddable":true,"href":"https:\/\/selvfiks.net\/butikk\/wp-json\/wp\/v2\/product_cat?post=8240"},{"taxonomy":"product_tag","embeddable":true,"href":"https:\/\/selvfiks.net\/butikk\/wp-json\/wp\/v2\/product_tag?post=8240"}],"curies":[{"name":"wp","href":"https:\/\/api.w.org\/{rel}","templated":true}]}}